8
Calculate the greatest common divisor of 25 and 5139165.
5
Calculate the highest common factor of 7756 and 21885493.
1939
What is the greatest common divisor of 1104 and 2982192?
48
What is the greatest common factor of 1987980 and 497760?
1020
What is the greatest common factor of 1587204 and 3798?
18
Calculate the highest common divisor of 46030530 and 91.
91
What is the highest common divisor of 295794 and 24?
6
What is the greatest common divisor of 546 and 78344994?
546
What is the greatest common divisor of 356485887 and 9?
9
Calculate the highest common divisor of 20764 and 39440.
116
Calculate the highest common divisor of 22883460 and 3924.
1308
What is the highest common divisor of 66285 and 229770?
135
What is the greatest common divisor of 1703526 and 18126?
318
What is the greatest common divisor of 23796 and 133956?
36
What is the highest common factor of 171196 and 2918460?
508
Calculate the highest common divisor of 88874705 and 290.
145
What is the highest common factor of 138168 and 47880?
1368
What is the greatest common factor of 106967104 and 2094?
698
Calculate the highest common factor of 121029744 and 176.
176
Calculate the highest common factor of 51661583 and 259.
37
Calculate the greatest common factor of 8 and 11533576.
8
Calculate the greatest common factor of 1605 and 440951815.
535
Calculate the highest common divisor of 43628 and 2044276.
52
What is the greatest common divisor of 176 and 18862404?
44
What is the highest common factor of 67451 and 2294?
37
Calculate the highest common divisor of 7626 and 9586626.
186
What is the highest common divisor of 658775244 and 12?
12
Calculate the highest common factor of 3240033 and 6532.
23
What is the greatest common divisor of 10132 and 762582?
298
Calculate the highest common factor of 176412789 and 235683.
8127
What is the highest common divisor of 289174 and 27886?
382
What is the highest common factor of 330844 and 2260252?
3092
What is the greatest common divisor of 39 and 277422301?
13
Calculate the greatest common factor of 140436 and 1172624.
332
What is the highest common factor of 1388 and 48260760?
1388
Calculate the greatest common factor of 1373100 and 717600.
6900
What is the highest common factor of 189 and 7633791?
27
What is the greatest common factor of 78270303 and 4665?
933
Calculate the greatest common factor of 55485 and 158458995.
6165
What is the highest common factor of 16419 and 28392?
39
What is the greatest common factor of 3853920 and 1536?
96
Calculate the highest common factor of 181 and 55192.
1
Calculate the highest common divisor of 10605 and 1215.
15
What is the greatest common divisor of 22473034 and 801?
89
What is the highest common divisor of 60557 and 1795759?
287
What is the highest common divisor of 369972 and 5940?
36
What is the highest common divisor of 840 and 18256080?
120
Calculate the highest common divisor of 4676560 and 7.
7
What is the greatest common factor of 3371678 and 133620?
4454
What is the highest common factor of 6505872 and 23?
23
Calculate the highest common divisor of 14118839 and 7.
7
What is the highest common divisor of 2600 and 52078?
26
Calculate the greatest common factor of 20803 and 20280874.
293
Calculate the highest common factor of 57497574 and 3.
3
What is the highest common divisor of 3822 and 455651?
49
What is the highest common factor of 888111 and 3017?
7
Calculate the greatest common factor of 115183976 and 680.
136
What is the greatest common divisor of 1716 and 2966496?
156
Calculate the highest common factor of 3069 and 486519.
33
What is the highest common factor of 39894804 and 227688?
2148
Calculate the highest common divisor of 211380 and 2130180.
780
What is the greatest common factor of 19348040 and 17?
17
What is the highest common factor of 470 and 382956?
94
What is the highest common divisor of 15147452 and 36?
4
What is the greatest common factor of 392038320 and 3945?
3945
What is the highest common divisor of 1379253 and 61289?
167
Calculate the highest common divisor of 131 and 38945.
1
Calculate the highest common factor of 728 and 347914021.
91
What is the greatest common divisor of 770 and 18596270?
770
Calculate the greatest common divisor of 1085194524 and 68.
68
What is the greatest common divisor of 43233391 and 2841?
947
Calculate the greatest common factor of 1055218 and 4470.
298
What is the highest common factor of 112 and 9653392?
112
Calculate the greatest common divisor of 24 and 2454488.
8
What is the highest common divisor of 60 and 208135?
5
Calculate the greatest common divisor of 397227156 and 1113.
159
What is the highest common factor of 1804934 and 2072?
74
What is the highest common divisor of 322653072 and 96?
48
What is the highest common factor of 7050 and 13427947?
47
Calculate the greatest common factor of 97164414 and 11836.
538
What is the highest common factor of 1969178 and 34?
34
Calculate the greatest common divisor of 1021452612 and 12.
12
What is the highest common factor of 360731072 and 13?
13
What is the greatest common divisor of 43702608 and 48?
48
What is the highest common divisor of 260496 and 5112?
72
What is the highest common divisor of 10438254 and 126?
18
What is the highest common divisor of 4390 and 16580?
10
Calculate the greatest common divisor of 320 and 79312256.
64
What is the highest common factor of 801 and 38018664?
801
Calculate the highest common factor of 703884429 and 549.
549
What is the greatest common divisor of 120 and 8707290?
30
What is the highest common factor of 47669530 and 17?
17
What is the greatest common factor of 18605652 and 156?
156
What is the greatest common divisor of 435493355 and 22?
11
Calculate the greatest common divisor of 404 and 95185733.
101
What is the greatest common factor of 140 and 12177740?
20
Calculate the greatest common divisor of 112014 and 409248.
882
What is the greatest common divisor of 18288645 and 4927?
379
What is the greatest common factor of 5221008 and 228?
12
What is the highest common divisor of 103484371 and 239?
239
Calculate the greatest common factor of 33 and 7222699.
11
Calculate the highest common factor of 426403 and 1134959.
577
Calculate the greatest common factor of 258 and 134282808.
258
Calculate the highest common factor of 6980460 and 960.
60
What is the greatest common divisor of 37173549 and 21?
21
What is the greatest common divisor of 12636 and 879528?
156
Calculate the greatest common divisor of 1444630 and 58190.
2530
Calculate the highest common factor of 11667439 and 1141.
7
What is the highest common divisor of 241864 and 292?
4
Calculate the highest common divisor of 66 and 16115506.
22
Calculate the highest common divisor of 1645 and 4266143.
329
Calculate the greatest common divisor of 86415234 and 282.
282
What is the greatest common factor of 486121 and 517?
47
What is the greatest common divisor of 2183 and 41328556?
2183
What is the greatest common divisor of 2416590 and 7110?
90
What is the highest common factor of 51812829 and 63?
9
What is the greatest common factor of 54664737 and 381?
381
Calculate the highest common divisor of 55 and 631205.
5
What is the greatest common factor of 84 and 330492?
12
Calculate the greatest common divisor of 128 and 468018368.
64
What is the greatest common divisor of 21848553 and 1098?
549
Calculate the greatest common factor of 95505082 and 2414.
2414
What is the highest common factor of 26273355 and 20?
5
Calculate the highest common divisor of 175 and 39298875.
175
Calculate the highest common divisor of 54 and 46583178.
6
What is the highest common factor of 21553551 and 3633?
519
Calculate the greatest common divisor of 50 and 113981850.
50
Calculate the highest common factor of 15681 and 44246555.
5227
Calculate the greatest common divisor of 2017 and 21451.
1
Calculate the greatest common factor of 2516474 and 228258.
2818
Calculate the highest common divisor of 92711406 and 42.
6
What is the highest common factor of 22401846 and 1134?
162
Calculate the greatest common factor of 4421585 and 1281.
427
What is the highest common divisor of 180 and 54980010?
90
Calculate the greatest common divisor of 1584 and 20528552.
88
Calculate the greatest common divisor of 151491 and 141.
3